e 3
-201
What is -324 (base 5) in base 3?
-10022
What is -1 (base 15) in base 12?
-1
What is 2 (base 16) in base 13?
2
3 (base 4) to base 16
3
44 (base 14) to base 11
55
Convert 4 (base 16) to base 7.
4
What is 64 (base 9) in base 4?
322
What is -4 (base 13) in base 3?
-11
-4 (base 8) to base 12
-4
What is 21 (base 15) in base 5?
111
153 (base 6) to base 12
59
What is 1 (base 5) in base 13?
1
Convert -9 (base 11) to base 9.
-10
What is 23 (base 7) in base 3?
122
What is 22 (base 16) in base 14?
26
3 (base 9) to base 14
3
What is 35 (base 15) in base 5?
200
Convert -17 (base 8) to base 5.
-30
What is -2 (base 7) in base 13?
-2
4 (base 13) to base 12
4
What is -217 (base 9) in base 5?
-1203
What is 12 (base 3) in base 7?
5
-2 (base 9) to base 15
-2
140 (base 5) to base 13
36
What is 1 (base 2) in base 9?
1
What is -3 (base 10) in base 15?
-3
What is 21a (base 14) in base 3?
120102
What is -3 (base 16) in base 15?
-3
3 (base 4) to base 11
3
Convert -6 (base 9) to base 12.
-6
What is -3 (base 11) in base 4?
-3
Convert -2 (base 16) to base 8.
-2
Convert -1 (base 16) to base 14.
-1
Convert -6 (base 8) to base 7.
-6
Convert -87 (base 9) to base 5.
-304
Convert -3 (base 4) to base 12.
-3
-10 (base 2) to base 8
-2
6 (base 9) to base 14
6
-20 (base 7) to base 8
-16
Convert -1d (base 15) to base 13.
-22
Convert 3 (base 14) to base 5.
3
What is -7 (base 11) in base 5?
-12
What is -5 (base 14) in base 7?
-5
Convert 101 (base 10) to base 11.
92
-7 (base 10) to base 8
-7
Convert 4 (base 14) to base 3.
11
-a7 (base 12) to base 3
-11201
0 (base 3) to base 11
0
Convert -2 (base 12) to base 4.
-2
Convert 0 (base 11) to base 9.
0
What is 244 (base 5) in base 13?
59
Convert 10 (base 13) to base 8.
15
Convert -1000 (base 2) to base 14.
-8
What is -31 (base 10) in base 12?
-27
What is 2 (base 3) in base 9?
2
17 (base 9) to base 10
16
What is -5 (base 9) in base 8?
-5
Convert 76 (base 8) to base 6.
142
Convert -2 (base 6) to base 13.
-2
Convert -de (base 16) to base 3.
-22020
Convert 4 (base 12) to base 15.
4
What is 0 (base 4) in base 12?
0
-110 (base 2) to base 15
-6
5 (base 7) to base 13
5
Convert -3 (base 16) to base 9.
-3
What is 225 (base 7) in base 10?
117
What is -3 (base 16) in base 3?
-10
Convert 1212 (base 3) to base 9.
55
Convert 0 (base 5) to base 2.
0
13 (base 12) to base 9
16
Convert 19 (base 10) to base 2.
10011
What is 16 (base 14) in base 10?
20
Convert -25 (base 13) to base 10.
-31
15 (base 11) to base 12
14
What is 6 (base 9) in base 6?
10
Convert -27 (base 12) to base 8.
-37
What is c (base 16) in base 11?
11
What is 2 (base 12) in base 4?
2
What is -2 (base 5) in base 6?
-2
What is -7 (base 14) in base 15?
-7
-1 (base 12) to base 5
-1
10 (base 6) to base 11
6
Convert b8 (base 15) to base 2.
10101101
What is 3 (base 14) in base 10?
3
-17 (base 11) to base 13
-15
What is 4 (base 13) in base 14?
4
Convert -106 (base 9) to base 16.
-57
26 (base 12) to base 4
132
Convert 15 (base 7) to base 8.
14
-111 (base 2) to base 12
-7
55 (base 14) to base 10
75
-50 (base 10) to base 5
-200
-113 (base 4) to base 7
-32
-1012 (base 3) to base 5
-112
Convert 441 (base 7) to base 9.
270
-1 (base 7) to base 8
-1
Convert -1120 (base 4) to base 3.
-10021
2 (base 5) to base 6
2
What is 34 (base 6) in base 11?
20
0 (base 9) to base 16
0
Convert 9 (base 13) to base 10.
9
Convert 14 (base 15) to base 16.
13
-11 (base 8) to base 4
-21
What is 1101 (base 3) in base 15?
27
5 (base 9) to base 13
5
Convert -9 (base 16) to base 6.
-13
-13 (base 8) to base 12
-b
What is 4 (base 13) in base 4?
10
0 (base 9) to base 12
0
-14 (base 5) to base 11
-9
-3 (base 8) to base 11
-3
-11101 (base 3) to base 10
-118
Convert -1020 (base 3) to base 16.
-21
What is -56 (base 16) in base 14?
-62
-31 (base 6) to base 10
-19
Convert -2131 (base 4) to base 5.
-1112
What is 4a (base 11) in base 3?
2000
4 (base 9) to base 5
4
What is 100101 (base 2) in base 14?
29
What is 45 (base 10) in base 3?
1200
5 (base 15) to base 8
5
Convert -6 (base 10) to base 9.
-6
Convert 111 (base 2) to base 9.
7
Convert -2b (base 13) to base 8.
-45
1 (base 12) to base 9
1
What is -5a (base 13) in base 14?
-55
-4 (base 16) to base 2
-100
-16 (base 13) to base 4
-103
What is -195 (base 12) in base 5?
-2012
Convert 11 (base 8) to base 14.
9
What is -4 (base 10) in base 4?
-10
Convert -1 (base 10) to base 14.
-1
Convert -34 (base 13) to base 8.
-53
-5 (base 13) to base 8
-5
Convert -30 (base 11) to base 2.
-100001
Convert 12 (base 13) to base 6.
23
-12 (base 4) to base 9
-6
-111001 (base 2) to base 16
-39
What is -2 (base 10) in base 6?
-2
12 (base 10) to base 7
15
Convert -1101000 (base 2) to base 10.
-104
Convert 0 (base 8) to base 10.
0
7 (base 10) to base 15
7
What is 10100 (base 3) in base 2?
1011010
-1414 (base 6) to base 5
-2440
4 (base 10) to base 4
10
6 (base 12) to base 2
110
What is 10 (base 11) in base 12?
b
What is -2 (base 6) in base 14?
-2
6 (base 14) to base 11
6
Convert 3 (base 5) to base 12.
3
What is 106 (base 7) in base 8?
67
What is -7 (base 8) in base 3?
-21
3 (base 7) to base 12
3
Convert -84 (base 16) to base 11.
-110
What is 158 (base 10) in base 14?
b4
What is 2 (base 12) in base 15?
2
What is -c8 (base 13) in base 8?
-244
1001110 (base 2) to base 3
2220
-230 (base 5) to base 2
-1000001
-c (base 14) to base 5
-22
1010 (base 2) to base 14
a
13 (base 13) to base 16
10
Convert -100 (base 11) to base 4.
-1321
-2 (base 13) to base 5
-2
What is 24 (base 12) in base 9?
31
What is -112 (base 5) in base 10?
-32
Convert 7 (base 10) to base 9.
7
1 (base 14) to base 6
1
Convert -228 (base 9) to base 15.
-c8
Convert 13 (base 13) to base 10.
16
What is 65 (base 12) in base 2?
1001101
Convert -23 (base 5) to base 13.
-10
What is 22 (base 5) in base 10?
12
Convert 7 (base 9) to base 6.
11
What is 6b (base 13) in base 11?
81
What is -122 (base 4) in base 12?
-22
Convert 0 (base 8) to base 16.
0
What is 2 (base 6) in base 14?
2
Convert 5 (base 6) to base 13.
5
4 (base 15) to base 8
4
What is 3 (base 11) in base 15?
3
-11 (base 4) to base 3
-12
-6 (base 8) to base 13
-6
Convert 2 (base 3) to base 8.
2
-12 (base 3) to base 9
-5
What is 2b (base 13) in base 9?
41
What is 175 (base 8) in base 4?
1331
b6 (base 15) to base 13
102
3 (base 14) to base 5
3
311 (base 8) to base 4
3021
What is 0 (base 4) in base 16?
0
-132 (base 4) to base 10
-30
139 (base 11) to base 13
c7
What is 11d (base 14) in base 12?
167
What is 30 (base 7) in base 12?
19
Convert 2 (base 3) to base 4.
2
Convert -1321 (base 4) to base 11.
-100
Convert -9 (base 16) to base 8.
-11
Convert 42 (base 9) to base 8.
46
-1 (base 2) to base 12
-1
What is 2 (base 4) in base 15?
2
Convert 2b (base 12) to base 2.
100011
Convert -58 (base 13) to base 2.
-1001001
What is -11 (base 3) in base 11?
-4
Convert -1 (base 14) to base 7.
-1
Convert 7 (base 16) to base 12.
7
What is -3 (base 16) in base 14?
-3
-3 (base 4) to base 15
-3
Convert -13 (base 9) to base 5.
-22
Convert 22 (base 14) to base 15.
20
What is a7 (base 14) in base 13?
b4
What is 162 (base 9) in base 7?
254
What is 2 (base 13) in base 16?
2
231 (base 4) to base 2
101101
3 (base 5) to base 13
3
-c (base 16) to base 6
-20
What is 3 (base 5) in base 2?
11
Convert -12 (base 4) to base 15.
-6
What is -14 (base 9) in base 5?
-23
Convert 13 (base 11) to base 9.
15
a (base 14) to base 15
a
Convert -110 (base 2) to base 15.
-6
-100 (base 2) to base 4
-10
What is 0 (base 2) in base 9?
0
What is -102 (base 3) in base 6?
-15
-32 (base 16) to base 13
-3b
Convert -114 (base 12) to base 11.
-136
What is -21 (base 3) in base 8?
-7
Convert 47 (base 16) to base 13.
56
Convert 200 (base 6) to base 10.
72
What is 2 (base 8) in base 13?
2
What is -101 (base 4) in base 16?
-11
Convert -1 (base 6) to base 7.
-1
Convert -1 (base 11) to base 9.
-1
Convert 59 (base 13) to base 12.
62
What is 320 (base 4) in base 12?
48
3 (base 7) to base 13
3
What is 103 (base 4) in base 16?
13
431 (base 5) to base 15
7b
What is 1 (base 10) in base 12?
1
-2010 (base 3) to base 6
-133
Convert -a (base 13) to base 15.
-a
Convert -1 (base 6) to base 14.
-1
Convert -2 (base 4) to base 14.
-2
What is 0 (base 8) in base 13?
0
What is 150 (base 7) in base 8?
124
23 (base 12) to base 6
43
-606 (base 7) to base 15
-150
-24 (base 10) to base 9
-26
Convert -